{"id":1187,"date":"2024-02-29T11:28:54","date_gmt":"2024-02-29T10:28:54","guid":{"rendered":"https:\/\/wallfahrtsort-wolfwil.ch\/wordpress\/?page_id=1187"},"modified":"2026-04-17T15:11:16","modified_gmt":"2026-04-17T14:11:16","slug":"herzlich-willkommen-auf-wallfahrtsort-wolfwil-ch","status":"publish","type":"page","link":"https:\/\/wallfahrtsort-wolfwil.ch\/wordpress\/","title":{"rendered":"Herzlich willkommen an unserem Kraftort!"},"content":{"rendered":"\n<p class=\"has-black-color has-white-background-color has-text-color has-background has-link-color has-medium-font-size\">Erstkommunion 2026: Es war eine sch\u00f6ne Feier! Wir w\u00fcnschen allen, dass sie das Licht und die Liebe Jesu Christi im Herzen behalten!<\/p>\n\n\n\n<figure class=\"wp-block-image size-large\"><img loading=\"lazy\" decoding=\"async\" width=\"1024\" height=\"683\" src=\"https:\/\/wallfahrtsort-wolfwil.ch\/wordpress\/wp-content\/uploads\/2026\/04\/IMG_8081-1024x683.jpg\" alt=\"\" class=\"wp-image-2142\" srcset=\"https:\/\/wallfahrtsort-wolfwil.ch\/wordpress\/wp-content\/uploads\/2026\/04\/IMG_8081-1024x683.jpg 1024w, https:\/\/wallfahrtsort-wolfwil.ch\/wordpress\/wp-content\/uploads\/2026\/04\/IMG_8081-300x200.jpg 300w, https:\/\/wallfahrtsort-wolfwil.ch\/wordpress\/wp-content\/uploads\/2026\/04\/IMG_8081-768x512.jpg 768w, https:\/\/wallfahrtsort-wolfwil.ch\/wordpress\/wp-content\/uploads\/2026\/04\/IMG_8081-1536x1024.jpg 1536w, https:\/\/wallfahrtsort-wolfwil.ch\/wordpress\/wp-content\/uploads\/2026\/04\/IMG_8081-2048x1365.jpg 2048w, https:\/\/wallfahrtsort-wolfwil.ch\/wordpress\/wp-content\/uploads\/2026\/04\/IMG_8081-1x1.jpg 1w\" sizes=\"auto, (max-width: 1024px) 100vw, 1024px\" \/><\/figure>\n\n\n\n<p class=\"has-black-color has-white-background-color has-text-color has-background has-link-color has-medium-font-size has-large-font-size\">Die n<strong>eue Osterkerze<\/strong><\/p>\n\n\n\n<p class=\"has-black-color has-text-color has-link-color has-medium-font-size wp-elements-6232bca9b6d64655a5fb0a8a2fb3f835\">Auf der liturgischen Kerze sehen wir einen Seraph. Ein Engel, ein himmlisches Wesen, das in der j\u00fcdisch-christlichen Tradition zur h\u00f6chsten Ordnung gez\u00e4hlt wird. Der Seraph verk\u00f6rpert Gottes Herrlichkeit. Der Engel am Ostermorgen ist das himmlische Lichtwesen, das am Grab Jesu dessen Auferstehung verk\u00fcndet. Als Bote Gottes w\u00e4lzte er den Stein weg, setzte sich darauf und nahm den Frauen die Angst mit der Botschaft: \u201eEr ist nicht hier, er ist auferstanden\u201c. Der Engel symbolisiert den Sieg \u00fcber Tod und B\u00f6ses.&nbsp;<\/p>\n\n\n\n<p class=\"has-black-color has-text-color has-link-color has-medium-font-size wp-elements-4c0d87eec73b0a47e99cd54af41c5c7b\">In diesem Jahr wird weltweit der 800. Todestag des grossen Mystikers und Ordensgr\u00fcnder Franz von Assisi gefeiert. Vor seinem Tod im Jahr 1226 empfing er durch einen Seraph die Wundmale Christi, was die tiefe Verbundenheit des Heiligen mit Christus zeigt. (Bild: siehe unten)<\/p>\n\n\n\n<figure class=\"wp-block-image size-medium is-style-rounded\"><img loading=\"lazy\" decoding=\"async\" width=\"158\" height=\"300\" src=\"https:\/\/wallfahrtsort-wolfwil.ch\/wordpress\/wp-content\/uploads\/2026\/03\/kib_0826_wol_bu_osterkerze-158x300.jpeg\" alt=\"\" class=\"wp-image-2126\" srcset=\"https:\/\/wallfahrtsort-wolfwil.ch\/wordpress\/wp-content\/uploads\/2026\/03\/kib_0826_wol_bu_osterkerze-158x300.jpeg 158w, https:\/\/wallfahrtsort-wolfwil.ch\/wordpress\/wp-content\/uploads\/2026\/03\/kib_0826_wol_bu_osterkerze-538x1024.jpeg 538w, https:\/\/wallfahrtsort-wolfwil.ch\/wordpress\/wp-content\/uploads\/2026\/03\/kib_0826_wol_bu_osterkerze-768x1462.jpeg 768w, https:\/\/wallfahrtsort-wolfwil.ch\/wordpress\/wp-content\/uploads\/2026\/03\/kib_0826_wol_bu_osterkerze-807x1536.jpeg 807w, https:\/\/wallfahrtsort-wolfwil.ch\/wordpress\/wp-content\/uploads\/2026\/03\/kib_0826_wol_bu_osterkerze-1076x2048.jpeg 1076w, https:\/\/wallfahrtsort-wolfwil.ch\/wordpress\/wp-content\/uploads\/2026\/03\/kib_0826_wol_bu_osterkerze-1x2.jpeg 1w, https:\/\/wallfahrtsort-wolfwil.ch\/wordpress\/wp-content\/uploads\/2026\/03\/kib_0826_wol_bu_osterkerze-scaled.jpeg 1345w\" sizes=\"auto, (max-width: 158px) 100vw, 158px\" \/><\/figure>\n\n\n\n<p class=\"has-black-color has-white-background-color has-text-color has-background has-link-color has-medium-font-size\">Hunderte Menschen haben mit uns die Auferstehung Christi gefeiert! Was f\u00fcr eine Freude! <\/p>\n\n\n\n<p><\/p>\n\n\n\n<p class=\"has-medium-font-size\">Das Fest der Auferstehung. Stehen wir mit Christus selber auf und kosten das Leben aus! <\/p>\n\n\n\n<p class=\"has-black-color has-luminous-vivid-amber-background-color has-text-color has-background has-link-color has-medium-font-size\">Wir bleiben auch im Jahr 2026 Pilgerinnen und Pilger der Hoffnung!<\/p>\n\n\n\n<p class=\"has-black-color has-luminous-vivid-amber-background-color has-text-color has-background has-link-color has-medium-font-size\">Wahres Leben ist Begegnung. Wenn wir Menschen uns in die Augen sehen, anl\u00e4cheln, geben wir der Freude im pers\u00f6nlichen Raum Zeit. Wir gehen mit Liebe weiter. Erfahren Sie die heilende Kraft des Vertrauens in unserer Wallfahrtskirche Wolfwil. Seien Sie herzlich willkommen!<\/p>\n\n\n\n<p><\/p>\n\n\n\n<p class=\"has-black-color has-luminous-vivid-amber-background-color has-text-color has-background has-link-color has-medium-font-size\">Was wir getan haben, was wir tun&#8230; Siehe aktuelles Kirchenblatt!<\/p>\n\n\n\n<figure class=\"wp-block-image size-large\"><img loading=\"lazy\" decoding=\"async\" width=\"1024\" height=\"576\" src=\"https:\/\/wallfahrtsort-wolfwil.ch\/wordpress\/wp-content\/uploads\/2024\/03\/DJI_0074-1024x576.jpg\" alt=\"\" class=\"wp-image-1327\" srcset=\"https:\/\/wallfahrtsort-wolfwil.ch\/wordpress\/wp-content\/uploads\/2024\/03\/DJI_0074-1024x576.jpg 1024w, https:\/\/wallfahrtsort-wolfwil.ch\/wordpress\/wp-content\/uploads\/2024\/03\/DJI_0074-300x169.jpg 300w, https:\/\/wallfahrtsort-wolfwil.ch\/wordpress\/wp-content\/uploads\/2024\/03\/DJI_0074-768x432.jpg 768w, https:\/\/wallfahrtsort-wolfwil.ch\/wordpress\/wp-content\/uploads\/2024\/03\/DJI_0074-1536x864.jpg 1536w, https:\/\/wallfahrtsort-wolfwil.ch\/wordpress\/wp-content\/uploads\/2024\/03\/DJI_0074-2048x1152.jpg 2048w, https:\/\/wallfahrtsort-wolfwil.ch\/wordpress\/wp-content\/uploads\/2024\/03\/DJI_0074-1x1.jpg 1w\" sizes=\"auto, (max-width: 1024px) 100vw, 1024px\" \/><figcaption class=\"wp-element-caption\"> <\/figcaption><\/figure>\n\n\n\n<p class=\"has-white-color has-vivid-green-cyan-background-color has-text-color has-background has-link-color has-medium-font-size\">Bei uns finden Sie die Kraft, die Sie brauchen! Wir selber freuen uns, dass Sie sich \u00fcber unseren Wallfahrtsort informieren m\u00f6chten und hoffen, Sie bald auch pers\u00f6nlich bei uns begr\u00fcssen zu d\u00fcrfen. Der grosse Religionsphilosoph Martin Buber hat die Worte gepr\u00e4gt: &#8222;Alles wirkliche Leben ist Begegnung.&#8220; Nicht nur zu den unten aufgef\u00fchrten B\u00fcrozeiten sind wir gerne f\u00fcr Sie da. Sie k\u00f6nnen sich jederzeit via Mail melden! Weitere Informationen finden Sie unter den entsprechenden Rubriken. Lesen Sie mit Gewinn unbedingt unten weiter!<\/p>\n\n\n\n<p class=\"has-vivid-green-cyan-background-color has-background has-medium-font-size\">Wann Sie uns erreichen: <mark style=\"background-color:rgba(0, 0, 0, 0)\" class=\"has-inline-color has-white-color\">Dienstag und Donnerstag von 09:00 &#8211; 11:00 Uhr, Telefon 062 926 12 43<br><\/mark><mark style=\"background-color:rgba(0, 0, 0, 0)\" class=\"has-inline-color has-luminous-vivid-amber-color\"><strong>kath.pfarramt.wolfwil@ggs.ch<\/strong><\/mark> via Kontaktformular, siehe oben: Kontakt<\/p>\n\n\n\n<p class=\"has-white-color has-vivid-green-cyan-background-color has-text-color has-background has-link-color has-medium-font-size\"><strong><mark style=\"background-color:rgba(0, 0, 0, 0)\" class=\"has-inline-color has-white-color\">Unser Maria-Wallfahrtsort ist eine Quelle der spirituellen Energie mit wichtiger  Bedeutung f\u00fcr die Selbstfindung, die Gl\u00fcck, Heil und Erf\u00fcllung schenkt &#8211;  und als solche das Ziel einer erlebnisreichen und wohltuenden Pilgerreise. Es gibt viel Interessantes zu entdecken, das Sie mit einer Gruppe, einer Gemeinschaft oder f\u00fcr sich selbst in einer pers\u00f6nlichen F\u00fchrung erfahren k\u00f6nnen. <\/mark><\/strong><\/p>\n\n\n\n<p><\/p>\n\n\n\n<p class=\"has-white-color has-vivid-green-cyan-background-color has-text-color has-background has-link-color has-medium-font-size\">Unsere Kirche ist zudem eine architektonische Meisterleistung und eine wahre Sehensw\u00fcrdigkeit! Das gotische Gnadenbild der Muttergottes (Siehe: &#8222;Auszeit tut gut&#8220;) befindet sich in der ehrw\u00fcrdigen Kapelle. Seit vielen Jahrhunderten kommen Pilgerinnen und Pilger, um hier Ruhe und Hilfe zu finden und um zu danken. Im modernen Teil beeindrucken u.a. die vielen farbigen Glasmosaik-Fenster zum Leben und Wirken der Muttergottes und das Kristall-Kreuz nach dem Meditationsbild vom hl. Bruder Klaus. (Mehr Bilder finden Sie \u00fcber &#8222;Links&#8220;.)<\/p>\n\n\n\n<p class=\"has-black-color has-luminous-vivid-amber-background-color has-text-color has-background has-link-color has-medium-font-size\">Spendenkonto CH37 8080 8009 8533 9989 4 Mit einer Spende unterst\u00fctzen Sie unseren wunderbaren Wallfahrtsort. Vielen herzlichen Dank!<\/p>\n\n\n\n<p class=\"has-x-large-font-size\"><\/p>\n\n\n\n<p>Demn\u00e4chst<\/p>\n\n\n\n<p class=\"has-black-color has-white-background-color has-text-color has-background has-link-color\">Wir planen eine Begegnungsort f\u00fcr unser Dorf Wolfwil und f\u00fcr G\u00e4ste. Werden Sie Teil dieses interessanten Projekts. Es ist eine sinnvolle Investition in eine lebenswerte Zukunft. Hier werden sich Generationen befruchten und bereichern!<\/p>\n\n\n\n<figure class=\"wp-block-gallery has-nested-images columns-default is-cropped wp-block-gallery-1 is-layout-flex wp-block-gallery-is-layout-flex\">\n<figure class=\"wp-block-image size-large\"><img loading=\"lazy\" decoding=\"async\" width=\"453\" height=\"502\" src=\"https:\/\/wallfahrtsort-wolfwil.ch\/wordpress\/wp-content\/uploads\/2024\/05\/Screenshot-2024-04-22-220748-1.png\" alt=\"\" class=\"wp-image-1737\" srcset=\"https:\/\/wallfahrtsort-wolfwil.ch\/wordpress\/wp-content\/uploads\/2024\/05\/Screenshot-2024-04-22-220748-1.png 453w, https:\/\/wallfahrtsort-wolfwil.ch\/wordpress\/wp-content\/uploads\/2024\/05\/Screenshot-2024-04-22-220748-1-271x300.png 271w, https:\/\/wallfahrtsort-wolfwil.ch\/wordpress\/wp-content\/uploads\/2024\/05\/Screenshot-2024-04-22-220748-1-1x1.png 1w\" sizes=\"auto, (max-width: 453px) 100vw, 453px\" \/><\/figure>\n<\/figure>\n","protected":false},"excerpt":{"rendered":"<p>Erstkommunion 2026: Es war eine sch\u00f6ne Feier! Wir w\u00fcnschen allen, dass sie das Licht und die Liebe Jesu Christi im [&hellip;]<\/p>\n","protected":false},"author":1,"featured_media":0,"parent":0,"menu_order":0,"comment_status":"closed","ping_status":"closed","template":"","meta":{"pgc_sgb_lightbox_settings":"","footnotes":""},"class_list":["post-1187","page","type-page","status-publish","hentry"],"_links":{"self":[{"href":"https:\/\/wallfahrtsort-wolfwil.ch\/wordpress\/wp-json\/wp\/v2\/pages\/1187","targetHints":{"allow":["GET"]}}],"collection":[{"href":"https:\/\/wallfahrtsort-wolfwil.ch\/wordpress\/wp-json\/wp\/v2\/pages"}],"about":[{"href":"https:\/\/wallfahrtsort-wolfwil.ch\/wordpress\/wp-json\/wp\/v2\/types\/page"}],"author":[{"embeddable":true,"href":"https:\/\/wallfahrtsort-wolfwil.ch\/wordpress\/wp-json\/wp\/v2\/users\/1"}],"replies":[{"embeddable":true,"href":"https:\/\/wallfahrtsort-wolfwil.ch\/wordpress\/wp-json\/wp\/v2\/comments?post=1187"}],"version-history":[{"count":280,"href":"https:\/\/wallfahrtsort-wolfwil.ch\/wordpress\/wp-json\/wp\/v2\/pages\/1187\/revisions"}],"predecessor-version":[{"id":2146,"href":"https:\/\/wallfahrtsort-wolfwil.ch\/wordpress\/wp-json\/wp\/v2\/pages\/1187\/revisions\/2146"}],"wp:attachment":[{"href":"https:\/\/wallfahrtsort-wolfwil.ch\/wordpress\/wp-json\/wp\/v2\/media?parent=1187"}],"curies":[{"name":"wp","href":"https:\/\/api.w.org\/{rel}","templated":true}]}}

<p class="has-black-color has-white-background-color has-text-color has-background has-link-color has-medium-font-size">Erstkommunion 2026: Es war eine schöne Feier! Wir wünschen allen, dass sie das Licht und die Liebe Jesu Christi im Herzen behalten!</p>



<figure class="wp-block-image size-large"><img loading="lazy" decoding="async" width="1024" height="683" src="https://wallfahrtsort-wolfwil.ch/wordpress/wp-content/uploads/2026/04/IMG_8081-1024x683.jpg" alt="" class="wp-image-2142" srcset="https://wallfahrtsort-wolfwil.ch/wordpress/wp-content/uploads/2026/04/IMG_8081-1024x683.jpg 1024w, https://wallfahrtsort-wolfwil.ch/wordpress/wp-content/uploads/2026/04/IMG_8081-300x200.jpg 300w, https://wallfahrtsort-wolfwil.ch/wordpress/wp-content/uploads/2026/04/IMG_8081-768x512.jpg 768w, https://wallfahrtsort-wolfwil.ch/wordpress/wp-content/uploads/2026/04/IMG_8081-1536x1024.jpg 1536w, https://wallfahrtsort-wolfwil.ch/wordpress/wp-content/uploads/2026/04/IMG_8081-2048x1365.jpg 2048w, https://wallfahrtsort-wolfwil.ch/wordpress/wp-content/uploads/2026/04/IMG_8081-1x1.jpg 1w" sizes="auto, (max-width: 1024px) 100vw, 1024px" /></figure>



<p class="has-black-color has-white-background-color has-text-color has-background has-link-color has-medium-font-size has-large-font-size">Die n<strong>eue Osterkerze</strong></p>



<p class="has-black-color has-text-color has-link-color has-medium-font-size wp-elements-6232bca9b6d64655a5fb0a8a2fb3f835">Auf der liturgischen Kerze sehen wir einen Seraph. Ein Engel, ein himmlisches Wesen, das in der jüdisch-christlichen Tradition zur höchsten Ordnung gezählt wird. Der Seraph verkörpert Gottes Herrlichkeit. Der Engel am Ostermorgen ist das himmlische Lichtwesen, das am Grab Jesu dessen Auferstehung verkündet. Als Bote Gottes wälzte er den Stein weg, setzte sich darauf und nahm den Frauen die Angst mit der Botschaft: „Er ist nicht hier, er ist auferstanden“. Der Engel symbolisiert den Sieg über Tod und Böses.&nbsp;</p>



<p class="has-black-color has-text-color has-link-color has-medium-font-size wp-elements-4c0d87eec73b0a47e99cd54af41c5c7b">In diesem Jahr wird weltweit der 800. Todestag des grossen Mystikers und Ordensgründer Franz von Assisi gefeiert. Vor seinem Tod im Jahr 1226 empfing er durch einen Seraph die Wundmale Christi, was die tiefe Verbundenheit des Heiligen mit Christus zeigt. (Bild: siehe unten)</p>



<figure class="wp-block-image size-medium is-style-rounded"><img loading="lazy" decoding="async" width="158" height="300" src="https://wallfahrtsort-wolfwil.ch/wordpress/wp-content/uploads/2026/03/kib_0826_wol_bu_osterkerze-158x300.jpeg" alt="" class="wp-image-2126" srcset="https://wallfahrtsort-wolfwil.ch/wordpress/wp-content/uploads/2026/03/kib_0826_wol_bu_osterkerze-158x300.jpeg 158w, https://wallfahrtsort-wolfwil.ch/wordpress/wp-content/uploads/2026/03/kib_0826_wol_bu_osterkerze-538x1024.jpeg 538w, https://wallfahrtsort-wolfwil.ch/wordpress/wp-content/uploads/2026/03/kib_0826_wol_bu_osterkerze-768x1462.jpeg 768w, https://wallfahrtsort-wolfwil.ch/wordpress/wp-content/uploads/2026/03/kib_0826_wol_bu_osterkerze-807x1536.jpeg 807w, https://wallfahrtsort-wolfwil.ch/wordpress/wp-content/uploads/2026/03/kib_0826_wol_bu_osterkerze-1076x2048.jpeg 1076w, https://wallfahrtsort-wolfwil.ch/wordpress/wp-content/uploads/2026/03/kib_0826_wol_bu_osterkerze-1x2.jpeg 1w, https://wallfahrtsort-wolfwil.ch/wordpress/wp-content/uploads/2026/03/kib_0826_wol_bu_osterkerze-scaled.jpeg 1345w" sizes="auto, (max-width: 158px) 100vw, 158px" /></figure>



<p class="has-black-color has-white-background-color has-text-color has-background has-link-color has-medium-font-size">Hunderte Menschen haben mit uns die Auferstehung Christi gefeiert! Was für eine Freude! </p>



<p></p>



<p class="has-medium-font-size">Das Fest der Auferstehung. Stehen wir mit Christus selber auf und kosten das Leben aus! </p>



<p class="has-black-color has-luminous-vivid-amber-background-color has-text-color has-background has-link-color has-medium-font-size">Wir bleiben auch im Jahr 2026 Pilgerinnen und Pilger der Hoffnung!</p>



<p class="has-black-color has-luminous-vivid-amber-background-color has-text-color has-background has-link-color has-medium-font-size">Wahres Leben ist Begegnung. Wenn wir Menschen uns in die Augen sehen, anlächeln, geben wir der Freude im persönlichen Raum Zeit. Wir gehen mit Liebe weiter. Erfahren Sie die heilende Kraft des Vertrauens in unserer Wallfahrtskirche Wolfwil. Seien Sie herzlich willkommen!</p>



<p></p>



<p class="has-black-color has-luminous-vivid-amber-background-color has-text-color has-background has-link-color has-medium-font-size">Was wir getan haben, was wir tun&#8230; Siehe aktuelles Kirchenblatt!</p>



<figure class="wp-block-image size-large"><img loading="lazy" decoding="async" width="1024" height="576" src="https://wallfahrtsort-wolfwil.ch/wordpress/wp-content/uploads/2024/03/DJI_0074-1024x576.jpg" alt="" class="wp-image-1327" srcset="https://wallfahrtsort-wolfwil.ch/wordpress/wp-content/uploads/2024/03/DJI_0074-1024x576.jpg 1024w, https://wallfahrtsort-wolfwil.ch/wordpress/wp-content/uploads/2024/03/DJI_0074-300x169.jpg 300w, https://wallfahrtsort-wolfwil.ch/wordpress/wp-content/uploads/2024/03/DJI_0074-768x432.jpg 768w, https://wallfahrtsort-wolfwil.ch/wordpress/wp-content/uploads/2024/03/DJI_0074-1536x864.jpg 1536w, https://wallfahrtsort-wolfwil.ch/wordpress/wp-content/uploads/2024/03/DJI_0074-2048x1152.jpg 2048w, https://wallfahrtsort-wolfwil.ch/wordpress/wp-content/uploads/2024/03/DJI_0074-1x1.jpg 1w" sizes="auto, (max-width: 1024px) 100vw, 1024px" /><figcaption class="wp-element-caption"> </figcaption></figure>



<p class="has-white-color has-vivid-green-cyan-background-color has-text-color has-background has-link-color has-medium-font-size">Bei uns finden Sie die Kraft, die Sie brauchen! Wir selber freuen uns, dass Sie sich über unseren Wallfahrtsort informieren möchten und hoffen, Sie bald auch persönlich bei uns begrüssen zu dürfen. Der grosse Religionsphilosoph Martin Buber hat die Worte geprägt: &#8222;Alles wirkliche Leben ist Begegnung.&#8220; Nicht nur zu den unten aufgeführten Bürozeiten sind wir gerne für Sie da. Sie können sich jederzeit via Mail melden! Weitere Informationen finden Sie unter den entsprechenden Rubriken. Lesen Sie mit Gewinn unbedingt unten weiter!</p>



<p class="has-vivid-green-cyan-background-color has-background has-medium-font-size">Wann Sie uns erreichen: <mark style="background-color:rgba(0, 0, 0, 0)" class="has-inline-color has-white-color">Dienstag und Donnerstag von 09:00 &#8211; 11:00 Uhr, Telefon 062 926 12 43<br></mark><mark style="background-color:rgba(0, 0, 0, 0)" class="has-inline-color has-luminous-vivid-amber-color"><strong>kath.pfarramt.wolfwil@ggs.ch</strong></mark> via Kontaktformular, siehe oben: Kontakt</p>



<p class="has-white-color has-vivid-green-cyan-background-color has-text-color has-background has-link-color has-medium-font-size"><strong><mark style="background-color:rgba(0, 0, 0, 0)" class="has-inline-color has-white-color">Unser Maria-Wallfahrtsort ist eine Quelle der spirituellen Energie mit wichtiger  Bedeutung für die Selbstfindung, die Glück, Heil und Erfüllung schenkt &#8211;  und als solche das Ziel einer erlebnisreichen und wohltuenden Pilgerreise. Es gibt viel Interessantes zu entdecken, das Sie mit einer Gruppe, einer Gemeinschaft oder für sich selbst in einer persönlichen Führung erfahren können. </mark></strong></p>



<p></p>



<p class="has-white-color has-vivid-green-cyan-background-color has-text-color has-background has-link-color has-medium-font-size">Unsere Kirche ist zudem eine architektonische Meisterleistung und eine wahre Sehenswürdigkeit! Das gotische Gnadenbild der Muttergottes (Siehe: &#8222;Auszeit tut gut&#8220;) befindet sich in der ehrwürdigen Kapelle. Seit vielen Jahrhunderten kommen Pilgerinnen und Pilger, um hier Ruhe und Hilfe zu finden und um zu danken. Im modernen Teil beeindrucken u.a. die vielen farbigen Glasmosaik-Fenster zum Leben und Wirken der Muttergottes und das Kristall-Kreuz nach dem Meditationsbild vom hl. Bruder Klaus. (Mehr Bilder finden Sie über &#8222;Links&#8220;.)</p>



<p class="has-black-color has-luminous-vivid-amber-background-color has-text-color has-background has-link-color has-medium-font-size">Spendenkonto CH37 8080 8009 8533 9989 4 Mit einer Spende unterstützen Sie unseren wunderbaren Wallfahrtsort. Vielen herzlichen Dank!</p>



<p class="has-x-large-font-size"></p>



<p>Demnächst</p>



<p class="has-black-color has-white-background-color has-text-color has-background has-link-color">Wir planen eine Begegnungsort für unser Dorf Wolfwil und für Gäste. Werden Sie Teil dieses interessanten Projekts. Es ist eine sinnvolle Investition in eine lebenswerte Zukunft. Hier werden sich Generationen befruchten und bereichern!</p>



<figure class="wp-block-gallery has-nested-images columns-default is-cropped wp-block-gallery-1 is-layout-flex wp-block-gallery-is-layout-flex">
<figure class="wp-block-image size-large"><img loading="lazy" decoding="async" width="453" height="502" src="https://wallfahrtsort-wolfwil.ch/wordpress/wp-content/uploads/2024/05/Screenshot-2024-04-22-220748-1.png" alt="" class="wp-image-1737" srcset="https://wallfahrtsort-wolfwil.ch/wordpress/wp-content/uploads/2024/05/Screenshot-2024-04-22-220748-1.png 453w, https://wallfahrtsort-wolfwil.ch/wordpress/wp-content/uploads/2024/05/Screenshot-2024-04-22-220748-1-271x300.png 271w, https://wallfahrtsort-wolfwil.ch/wordpress/wp-content/uploads/2024/05/Screenshot-2024-04-22-220748-1-1x1.png 1w" sizes="auto, (max-width: 453px) 100vw, 453px" /></figure>
</figure>

<p>Erstkommunion 2026: Es war eine schöne Feier! Wir wünschen allen, dass sie das Licht und die Liebe Jesu Christi im [&hellip;]</p>
